{"id":10901,"date":"2022-03-15T12:29:14","date_gmt":"2022-03-15T11:29:14","guid":{"rendered":"https:\/\/redesign.kuren.ch\/?page_id=10901"},"modified":"2025-06-11T16:11:54","modified_gmt":"2025-06-11T14:11:54","slug":"espaces-thermaux","status":"publish","type":"page","link":"https:\/\/www.kuren.ch\/fr\/espaces-thermaux\/","title":{"rendered":"Thermes"},"content":{"rendered":"<p>Une visite dans un centre thermal ou une cure thermale convient \u00e0 la d\u00e9tente et au repos ainsi qu&#8217;au retour rapide \u00e0 la vie quotidienne apr\u00e8s un s\u00e9jour \u00e0 l&#8217;h\u00f4pital. Les sources thermales et min\u00e9rales sont des oasis de sant\u00e9 o\u00f9 l&#8217;on peut se d\u00e9tendre, se faire plaisir et rester en bonne sant\u00e9. <\/p>\n<p>&nbsp;<\/p>\n<p>Notre association a f\u00eat\u00e9 son 100e anniversaire en 2024 &#8211; Nous ouvrons nos archives sur <a href=\"http:\/\/www.thermenschweiz.ch\" target=\"_blank\" rel=\"noopener\">www.thermenschweiz.ch<\/a> &#8211; un voyage passionnant \u00e0 travers l&#8217;histoire, la tradition et l&#8217;innovation&#8230;<\/p>\n<p>&nbsp;<\/p>\n","protected":false},"excerpt":{"rendered":"<p>Une visite dans un centre thermal ou une cure thermale convient \u00e0 la d\u00e9tente et au repos ainsi qu&#8217;au retour rapide \u00e0 la vie quotidienne apr\u00e8s un s\u00e9jour \u00e0 l&#8217;h\u00f4pital. Les sources thermales et min\u00e9rales sont des oasis de sant\u00e9 o\u00f9 l&#8217;on peut se d\u00e9tendre, se faire plaisir et rester en bonne sant\u00e9. &nbsp; Notre [&hellip;]<\/p>\n","protected":false},"author":43,"featured_media":0,"parent":0,"menu_order":0,"comment_status":"closed","ping_status":"closed","template":"t-category.php","meta":{"_acf_changed":false,"footnotes":""},"class_list":["post-10901","page","type-page","status-publish","hentry"],"acf":[],"yoast_head":"<!-- This site is optimized with the Yoast SEO plugin v27.3 - https:\/\/yoast.com\/product\/yoast-seo-wordpress\/ -->\n<title>Thermes - Espaces Thermaux Suisses<\/title>\n<meta name=\"description\" content=\"Les thermes et les stations thermales avec des sources thermales et min\u00e9rales sont des oasis de sant\u00e9 pour se d\u00e9tendre, profiter et \u00eatre en bonne sant\u00e9.\" \/>\n<meta name=\"robots\" content=\"index, follow, max-snippet:-1, max-image-preview:large, max-video-preview:-1\" \/>\n<link rel=\"canonical\" href=\"https:\/\/www.kuren.ch\/fr\/espaces-thermaux\/\" \/>\n<meta property=\"og:locale\" content=\"fr_FR\" \/>\n<meta property=\"og:type\" content=\"article\" \/>\n<meta property=\"og:title\" content=\"Thermes - Espaces Thermaux Suisses\" \/>\n<meta property=\"og:description\" content=\"Les thermes et les stations thermales avec des sources thermales et min\u00e9rales sont des oasis de sant\u00e9 pour se d\u00e9tendre, profiter et \u00eatre en bonne sant\u00e9.\" \/>\n<meta property=\"og:url\" content=\"https:\/\/www.kuren.ch\/fr\/espaces-thermaux\/\" \/>\n<meta property=\"og:site_name\" content=\"Heilb\u00e4der und Kurh\u00e4user Schweiz\" \/>\n<meta property=\"article:publisher\" content=\"https:\/\/www.facebook.com\/KurenSchweiz\/\" \/>\n<meta property=\"article:modified_time\" content=\"2025-06-11T14:11:54+00:00\" \/>\n<meta name=\"twitter:card\" content=\"summary_large_image\" \/>\n<script type=\"application\/ld+json\" class=\"yoast-schema-graph\">{\"@context\":\"https:\\\/\\\/schema.org\",\"@graph\":[{\"@type\":\"WebPage\",\"@id\":\"https:\\\/\\\/www.kuren.ch\\\/fr\\\/espaces-thermaux\\\/\",\"url\":\"https:\\\/\\\/www.kuren.ch\\\/fr\\\/espaces-thermaux\\\/\",\"name\":\"Thermes - Espaces Thermaux Suisses\",\"isPartOf\":{\"@id\":\"https:\\\/\\\/www.kuren.ch\\\/fr\\\/#website\"},\"datePublished\":\"2022-03-15T11:29:14+00:00\",\"dateModified\":\"2025-06-11T14:11:54+00:00\",\"description\":\"Les thermes et les stations thermales avec des sources thermales et min\u00e9rales sont des oasis de sant\u00e9 pour se d\u00e9tendre, profiter et \u00eatre en bonne sant\u00e9.\",\"breadcrumb\":{\"@id\":\"https:\\\/\\\/www.kuren.ch\\\/fr\\\/espaces-thermaux\\\/#breadcrumb\"},\"inLanguage\":\"fr-FR\",\"potentialAction\":[{\"@type\":\"ReadAction\",\"target\":[\"https:\\\/\\\/www.kuren.ch\\\/fr\\\/espaces-thermaux\\\/\"]}]},{\"@type\":\"BreadcrumbList\",\"@id\":\"https:\\\/\\\/www.kuren.ch\\\/fr\\\/espaces-thermaux\\\/#breadcrumb\",\"itemListElement\":[{\"@type\":\"ListItem\",\"position\":1,\"name\":\"Startseite\",\"item\":\"https:\\\/\\\/www.kuren.ch\\\/fr\\\/\"},{\"@type\":\"ListItem\",\"position\":2,\"name\":\"Thermes\"}]},{\"@type\":\"WebSite\",\"@id\":\"https:\\\/\\\/www.kuren.ch\\\/fr\\\/#website\",\"url\":\"https:\\\/\\\/www.kuren.ch\\\/fr\\\/\",\"name\":\"Heilb\u00e4der und Kurh\u00e4user Schweiz\",\"description\":\"Ihre direkte Verbindung zu mehr und neuer Lebensfreude\",\"publisher\":{\"@id\":\"https:\\\/\\\/www.kuren.ch\\\/fr\\\/#organization\"},\"potentialAction\":[{\"@type\":\"SearchAction\",\"target\":{\"@type\":\"EntryPoint\",\"urlTemplate\":\"https:\\\/\\\/www.kuren.ch\\\/fr\\\/?s={search_term_string}\"},\"query-input\":{\"@type\":\"PropertyValueSpecification\",\"valueRequired\":true,\"valueName\":\"search_term_string\"}}],\"inLanguage\":\"fr-FR\"},{\"@type\":\"Organization\",\"@id\":\"https:\\\/\\\/www.kuren.ch\\\/fr\\\/#organization\",\"name\":\"Heilb\u00e4der und Kurh\u00e4user Schweiz\",\"url\":\"https:\\\/\\\/www.kuren.ch\\\/fr\\\/\",\"logo\":{\"@type\":\"ImageObject\",\"inLanguage\":\"fr-FR\",\"@id\":\"https:\\\/\\\/www.kuren.ch\\\/fr\\\/#\\\/schema\\\/logo\\\/image\\\/\",\"url\":false,\"contentUrl\":false,\"width\":118,\"height\":147,\"caption\":\"Heilb\u00e4der und Kurh\u00e4user Schweiz\"},\"image\":{\"@id\":\"https:\\\/\\\/www.kuren.ch\\\/fr\\\/#\\\/schema\\\/logo\\\/image\\\/\"},\"sameAs\":[\"https:\\\/\\\/www.facebook.com\\\/KurenSchweiz\\\/\",\"https:\\\/\\\/www.instagram.com\\\/heilbaeder_kurhaeuser\\\/\"]}]}<\/script>\n<!-- \/ Yoast SEO plugin. -->","yoast_head_json":{"title":"Thermes - Espaces Thermaux Suisses","description":"Les thermes et les stations thermales avec des sources thermales et min\u00e9rales sont des oasis de sant\u00e9 pour se d\u00e9tendre, profiter et \u00eatre en bonne sant\u00e9.","robots":{"index":"index","follow":"follow","max-snippet":"max-snippet:-1","max-image-preview":"max-image-preview:large","max-video-preview":"max-video-preview:-1"},"canonical":"https:\/\/www.kuren.ch\/fr\/espaces-thermaux\/","og_locale":"fr_FR","og_type":"article","og_title":"Thermes - Espaces Thermaux Suisses","og_description":"Les thermes et les stations thermales avec des sources thermales et min\u00e9rales sont des oasis de sant\u00e9 pour se d\u00e9tendre, profiter et \u00eatre en bonne sant\u00e9.","og_url":"https:\/\/www.kuren.ch\/fr\/espaces-thermaux\/","og_site_name":"Heilb\u00e4der und Kurh\u00e4user Schweiz","article_publisher":"https:\/\/www.facebook.com\/KurenSchweiz\/","article_modified_time":"2025-06-11T14:11:54+00:00","twitter_card":"summary_large_image","schema":{"@context":"https:\/\/schema.org","@graph":[{"@type":"WebPage","@id":"https:\/\/www.kuren.ch\/fr\/espaces-thermaux\/","url":"https:\/\/www.kuren.ch\/fr\/espaces-thermaux\/","name":"Thermes - Espaces Thermaux Suisses","isPartOf":{"@id":"https:\/\/www.kuren.ch\/fr\/#website"},"datePublished":"2022-03-15T11:29:14+00:00","dateModified":"2025-06-11T14:11:54+00:00","description":"Les thermes et les stations thermales avec des sources thermales et min\u00e9rales sont des oasis de sant\u00e9 pour se d\u00e9tendre, profiter et \u00eatre en bonne sant\u00e9.","breadcrumb":{"@id":"https:\/\/www.kuren.ch\/fr\/espaces-thermaux\/#breadcrumb"},"inLanguage":"fr-FR","potentialAction":[{"@type":"ReadAction","target":["https:\/\/www.kuren.ch\/fr\/espaces-thermaux\/"]}]},{"@type":"BreadcrumbList","@id":"https:\/\/www.kuren.ch\/fr\/espaces-thermaux\/#breadcrumb","itemListElement":[{"@type":"ListItem","position":1,"name":"Startseite","item":"https:\/\/www.kuren.ch\/fr\/"},{"@type":"ListItem","position":2,"name":"Thermes"}]},{"@type":"WebSite","@id":"https:\/\/www.kuren.ch\/fr\/#website","url":"https:\/\/www.kuren.ch\/fr\/","name":"Heilb\u00e4der und Kurh\u00e4user Schweiz","description":"Ihre direkte Verbindung zu mehr und neuer Lebensfreude","publisher":{"@id":"https:\/\/www.kuren.ch\/fr\/#organization"},"potentialAction":[{"@type":"SearchAction","target":{"@type":"EntryPoint","urlTemplate":"https:\/\/www.kuren.ch\/fr\/?s={search_term_string}"},"query-input":{"@type":"PropertyValueSpecification","valueRequired":true,"valueName":"search_term_string"}}],"inLanguage":"fr-FR"},{"@type":"Organization","@id":"https:\/\/www.kuren.ch\/fr\/#organization","name":"Heilb\u00e4der und Kurh\u00e4user Schweiz","url":"https:\/\/www.kuren.ch\/fr\/","logo":{"@type":"ImageObject","inLanguage":"fr-FR","@id":"https:\/\/www.kuren.ch\/fr\/#\/schema\/logo\/image\/","url":false,"contentUrl":false,"width":118,"height":147,"caption":"Heilb\u00e4der und Kurh\u00e4user Schweiz"},"image":{"@id":"https:\/\/www.kuren.ch\/fr\/#\/schema\/logo\/image\/"},"sameAs":["https:\/\/www.facebook.com\/KurenSchweiz\/","https:\/\/www.instagram.com\/heilbaeder_kurhaeuser\/"]}]}},"_links":{"self":[{"href":"https:\/\/www.kuren.ch\/fr\/wp-json\/wp\/v2\/pages\/10901\/"}],"collection":[{"href":"https:\/\/www.kuren.ch\/fr\/wp-json\/wp\/v2\/pages\/"}],"about":[{"href":"https:\/\/www.kuren.ch\/fr\/wp-json\/wp\/v2\/types\/page\/"}],"author":[{"embeddable":true,"href":"https:\/\/www.kuren.ch\/fr\/wp-json\/wp\/v2\/users\/43\/"}],"replies":[{"embeddable":true,"href":"https:\/\/www.kuren.ch\/fr\/wp-json\/wp\/v2\/comments\/?post=10901"}],"version-history":[{"count":9,"href":"https:\/\/www.kuren.ch\/fr\/wp-json\/wp\/v2\/pages\/10901\/revisions\/"}],"predecessor-version":[{"id":26102,"href":"https:\/\/www.kuren.ch\/fr\/wp-json\/wp\/v2\/pages\/10901\/revisions\/26102\/"}],"wp:attachment":[{"href":"https:\/\/www.kuren.ch\/fr\/wp-json\/wp\/v2\/media\/?parent=10901"}],"curies":[{"name":"wp","href":"https:\/\/api.w.org\/{rel}","templated":true}]}}

<p>Une visite dans un centre thermal ou une cure thermale convient à la détente et au repos ainsi qu&#8217;au retour rapide à la vie quotidienne après un séjour à l&#8217;hôpital. Les sources thermales et minérales sont des oasis de santé où l&#8217;on peut se détendre, se faire plaisir et rester en bonne santé. </p>
<p>&nbsp;</p>
<p>Notre association a fêté son 100e anniversaire en 2024 &#8211; Nous ouvrons nos archives sur <a href="http://www.thermenschweiz.ch" target="_blank" rel="noopener">www.thermenschweiz.ch</a> &#8211; un voyage passionnant à travers l&#8217;histoire, la tradition et l&#8217;innovation&#8230;</p>
<p>&nbsp;</p>

<p>Une visite dans un centre thermal ou une cure thermale convient à la détente et au repos ainsi qu&#8217;au retour rapide à la vie quotidienne après un séjour à l&#8217;hôpital. Les sources thermales et minérales sont des oasis de santé où l&#8217;on peut se détendre, se faire plaisir et rester en bonne santé. &nbsp; Notre [&hellip;]</p>

<!-- This site is optimized with the Yoast SEO plugin v27.3 - https://yoast.com/product/yoast-seo-wordpress/ -->
<title>Thermes - Espaces Thermaux Suisses</title>
<meta name="description" content="Les thermes et les stations thermales avec des sources thermales et minérales sont des oasis de santé pour se détendre, profiter et être en bonne santé." />
<meta name="robots" content="index, follow, max-snippet:-1, max-image-preview:large, max-video-preview:-1" />
<link rel="canonical" href="https://www.kuren.ch/fr/espaces-thermaux/" />
<meta property="og:locale" content="fr_FR" />
<meta property="og:type" content="article" />
<meta property="og:title" content="Thermes - Espaces Thermaux Suisses" />
<meta property="og:description" content="Les thermes et les stations thermales avec des sources thermales et minérales sont des oasis de santé pour se détendre, profiter et être en bonne santé." />
<meta property="og:url" content="https://www.kuren.ch/fr/espaces-thermaux/" />
<meta property="og:site_name" content="Heilbäder und Kurhäuser Schweiz" />
<meta property="article:publisher" content="https://www.facebook.com/KurenSchweiz/" />
<meta property="article:modified_time" content="2025-06-11T14:11:54+00:00" />
<meta name="twitter:card" content="summary_large_image" />
<script type="application/ld+json" class="yoast-schema-graph">{"@context":"https:\/\/schema.org","@graph":[{"@type":"WebPage","@id":"https:\/\/www.kuren.ch\/fr\/espaces-thermaux\/","url":"https:\/\/www.kuren.ch\/fr\/espaces-thermaux\/","name":"Thermes - Espaces Thermaux Suisses","isPartOf":{"@id":"https:\/\/www.kuren.ch\/fr\/#website"},"datePublished":"2022-03-15T11:29:14+00:00","dateModified":"2025-06-11T14:11:54+00:00","description":"Les thermes et les stations thermales avec des sources thermales et minérales sont des oasis de santé pour se détendre, profiter et être en bonne santé.","breadcrumb":{"@id":"https:\/\/www.kuren.ch\/fr\/espaces-thermaux\/#breadcrumb"},"inLanguage":"fr-FR","potentialAction":[{"@type":"ReadAction","target":["https:\/\/www.kuren.ch\/fr\/espaces-thermaux\/"]}]},{"@type":"BreadcrumbList","@id":"https:\/\/www.kuren.ch\/fr\/espaces-thermaux\/#breadcrumb","itemListElement":[{"@type":"ListItem","position":1,"name":"Startseite","item":"https:\/\/www.kuren.ch\/fr\/"},{"@type":"ListItem","position":2,"name":"Thermes"}]},{"@type":"WebSite","@id":"https:\/\/www.kuren.ch\/fr\/#website","url":"https:\/\/www.kuren.ch\/fr\/","name":"Heilbäder und Kurhäuser Schweiz","description":"Ihre direkte Verbindung zu mehr und neuer Lebensfreude","publisher":{"@id":"https:\/\/www.kuren.ch\/fr\/#organization"},"potentialAction":[{"@type":"SearchAction","target":{"@type":"EntryPoint","urlTemplate":"https:\/\/www.kuren.ch\/fr\/?s={search_term_string}"},"query-input":{"@type":"PropertyValueSpecification","valueRequired":true,"valueName":"search_term_string"}}],"inLanguage":"fr-FR"},{"@type":"Organization","@id":"https:\/\/www.kuren.ch\/fr\/#organization","name":"Heilbäder und Kurhäuser Schweiz","url":"https:\/\/www.kuren.ch\/fr\/","logo":{"@type":"ImageObject","inLanguage":"fr-FR","@id":"https:\/\/www.kuren.ch\/fr\/#\/schema\/logo\/image\/","url":false,"contentUrl":false,"width":118,"height":147,"caption":"Heilbäder und Kurhäuser Schweiz"},"image":{"@id":"https:\/\/www.kuren.ch\/fr\/#\/schema\/logo\/image\/"},"sameAs":["https:\/\/www.facebook.com\/KurenSchweiz\/","https:\/\/www.instagram.com\/heilbaeder_kurhaeuser\/"]}]}</script>
<!-- / Yoast SEO plugin. -->

Les thermes et les stations thermales avec des sources thermales et minérales sont des oasis de santé pour se détendre, profiter et être en bonne santé.

Heilbäder und Kurhäuser Schweiz
